. Let r be p(z). What is the greatest common divisor of r and 6?
2
Let b = -396 + 456. Calculate the highest common divisor of 80 and b.
20
Suppose 2*v - 13 = 4*y + 5, 5*y = -15. Let t be 4 + -2 - -10 - v. Calculate the highest common factor of t and 9.
9
Let a = 132 - 108. Calculate the greatest common divisor of 33 and a.
3
Let j = -85 + 45. Let b be j/(-18) + 16/(-72). Suppose 8 = 4*g - b*g. Calculate the highest common divisor of 16 and g.
4
Suppose 0 = -3*c + 2*c + 4*k + 1662, 2*c - 3*k = 3339. What is the greatest common divisor of c and 54?
54
Let h be 254 + (-4 - 0 - -2). Suppose 3*g - h = -0*g. Let s(p) = -5*p - 177. Let c be s(-41). Calculate the highest common divisor of g and c.
28
Let x be 6 - -48 - (2 - 4). Let i(m) = m**3 + 4*m**2 + m + 1. Let h be i(-3). Calculate the highest common factor of h and x.
7
Let c = 15 - -17. Let l(z) = z - 1. Let x(f) = 5*f - 1. Let u(m) = -4*l(m) + x(m). Let d be u(1). Calculate the highest common divisor of c and d.
4
Let z(i) = -7*i - 18. Let a be z(-4). Suppose a*s = 15*s - 90. Let r be 1*2/(0 + 1). What is the highest common divisor of r and s?
2
Suppose 74*s - 62*s = 1080. Calculate the greatest common divisor of 120 and s.
30
Suppose -17 = -4*d + 5*b + 15, 3*d = -5*b - 11. Let n be ((-6)/10)/(d/(-15)). What is the greatest common divisor of 24 and n?
3
Let r = 3014 - 2853. What is the greatest common divisor of 115 and r?
23
Let v = 26 - -1. Let c be (-6 + 4 - -1)*-243. What is the highest common factor of v and c?
27
Let i = 788 + -713. Calculate the greatest common factor of 255 and i.
15
Suppose 16*z + 196 = 65*z. Suppose -3*x + 64 = -5*i, i + 108 = 2*x + 2*x. What is the highest common divisor of z and x?
4
Let q(b) = -11*b + 2. Let x(j) = 22*j - 4. Let m(c) = 5*q(c) + 3*x(c). Let a be m(1). Calculate the highest common factor of 9 and a.
9
Let b = 22 - 77. Let s = b + 63. What is the greatest common factor of 72 and s?
8
Let b(x) = 6*x**2 + 3*x + 3. Let v be (2/4)/((-3)/12). Let z be b(v). Calculate the greatest common divisor of z and 84.
21
Let d(x) = 3*x**2. Let m(k) = 3*k. Let l be m(1). Let s be d(l). What is the highest common divisor of 9 and s?
9
Let o be (-16)/(-9)*288/64 - -4. What is the highest common divisor of 1164 and o?
12
Let s be -10*((-72)/(-10))/(-9). Let f be 2/(-7) + (-9)/(-7). Calculate the highest common factor of s and f.
1
Let m(l) = 6*l - 1. Let t be m(1). Suppose -t*d + 19 + 31 = 0. What is the greatest common factor of 25 and d?
5
Let b(z) = z**2 + z + 45. Let f be b(0). Suppose 507 = 6*p - 213. Suppose 30 - p = -5*y. Calculate the greatest common divisor of y and f.
9
Let u(c) be the first derivative of -5*c**2 - 15*c - 7. Let b be u(-3). Calculate the greatest common divisor of b and 3.
3
Let x = -50 + 43. Let u be (x/(-14))/(-1 - 9/(-8)). What is the greatest common divisor of u and 8?
4
Let p(w) = -90*w - 4. Let f(b) = 0 + 7 - 4 + 60*b. Let a(k) = 7*f(k) + 5*p(k). Let u be a(-1). Calculate the highest common divisor of u and 248.
31
Suppose 0 = -37*c + 72 + 520. What is the highest common factor of c and 992?
16
Suppose 442 - 118 = 36*a. What is the highest common factor of 258 and a?
3
Suppose 30 = 4*f - f. Suppose q + 15 = 5*v - 4*v, 30 = -2*q - v. Let r = 45 + q. What is the highest common factor of r and f?
10
Let d be (-30)/5 + -11 + 81. What is the highest common factor of d and 152?
8
Let o(l) = 40*l**2 + l - 1. Let u be o(2). Let j = 162 + -139. What is the greatest common factor of u and j?
23
Let c = -22 + 38. Let u = 27 - c. Let k be u + (0/(-2) - 0). Calculate the highest common divisor of k and 1.
1
Let q(g) = -30*g - 2. Let v be q(-8). Suppose 10 = 3*f + 13. Let m be 2 - (-9 - 23)*(-1)/f. Calculate the highest common divisor of m and v.
34
Let s = 33 + -26. Suppose 0 = -3*m - 1 + 7. Let t = s - m. Calculate the greatest common divisor of 40 and t.
5
Suppose -3*g + 4*v = -54, 2*g - 7*g + 67 = v. What is the greatest common divisor of g and 10?
2
Let d(m) = m**3 + 14*m**2 + 2*m - 15. Let l be d(-13). Calculate the greatest common factor of l and 224.
32
Let f(k) = -k**3 + 21*k**2 + 18*k + 96. Let j be f(22). Calculate the highest common factor of j and 24.
8
Let l(y) = 2*y**2 - 19*y + 5. Let h be l(10). What is the greatest common factor of 195 and h?
15
Suppose -23 - 11 = -2*q - 2*m, -m + 38 = 2*q. Suppose 0 = -5*b + 4 + q. What is the highest common divisor of 20 and b?
5
Let y = 46 - 44. Suppose -b = y*b - 9. Calculate the greatest common divisor of b and 1.
1
Let c = -117 - -121. Calculate the greatest common factor of 12 and c.
4
Let h(y) = -y**3 + 34*y**2 + 5*y - 134. Let v be h(34). What is the highest common divisor of v and 180?
36
Suppose -74 = -9*y + 520. What is the greatest common factor of y and 99?
33
Suppose j = 5*k, 5*k = 9 - 4. Suppose 19 = -j*f + 44. Calculate the highest common factor of 20 and f.
5
Suppose 0 = -4*y + y - 5*g + 652, -2*g = 8. What is the greatest common divisor of 288 and y?
32
Let z(g) = -138*g - 1. Let p(d) = d + 1. Let s(x) = 3*p(x) + z(x). Let j be s(1). Let k = j - -203. Calculate the greatest common factor of k and 14.
14
Let j be (7/(-2))/(-7)*2. Suppose 16 = z + j. Calculate the greatest common factor of z and 135.
15
Let m(k) = -k**2 - 5*k. Let j be m(-3). Suppose j*f = -f + 2618. What is the highest common factor of f and 34?
34
Suppose 4*t = -2*n + 346, 2*t + n + 79 = 3*t. Let a(r) = -r**2 - r + 112. Let p be a(-8). What is the greatest common divisor of t and p?
28
Let f = 493 + -438. What is the highest common factor of 22 and f?
11
Let s = -10 - -31. Let k = s + -27. Let y = k - -50. What is the greatest common factor of 4 and y?
4
Let t = 2043 - 1206. Calculate the highest common factor of t and 81.
27
Let x = 1844 + -1793. Calculate the highest common divisor of 2397 and x.
51
Let w be 8/(-6) + 2/6. Let u be (28/3)/(w/(-3)). Suppose 40 = h - 4*o, 5*h - u = -2*o + 260. Calculate the highest common divisor of 14 and h.
14
Let s(w) = 50*w - 2. Let v be s(2). Let h = 3674 - 3660. Calculate the greatest common divisor of h and v.
14
Suppose q - n - 103 = 0, -12*q + 7*q - 5*n + 475 = 0. Suppose -15 = -3*x + 12. What is the greatest common factor of x and q?
9
Let w be (-2)/6 + (-302673)/(-441). What is the greatest common factor of 14 and w?
14
Let o(f) = -2*f**2 + 15*f. Let t be o(7). What is the highest common divisor of t and 56?
7
Let a = 3 + 0. Suppose 0 = -5*t + 2*k + 50, -3*t + 55 = 2*t - a*k. Suppose 2*h - 12 = t. What is the greatest common divisor of h and 80?
10
Suppose -750 = -5*k - 4*v, 4*k + v = 2*k + 303. Suppose 4*w = -m - 107, 4*w + 122 = 3*m - m. Let g = w + 42. What is the highest common factor of g and k?
14
Suppose 0 = -86*h + 54*h + 26624. What is the greatest common divisor of 128 and h?
64
Let d(x) = -6*x - 12. Suppose -2*z = o + 2, -4*o - o - 2*z - 34 = 0. Let u be d(o). What is the highest common factor of 36 and u?
36
Let n be (-160)/(-15) + ((-70)/6)/7. Calculate the greatest common factor of n and 18.
9
Let a(z) = z**3 - 33*z**2 - 32*z - 26. Let v be a(34). Let b(f) = -f**2 - 8*f + 2. Let m be b(-6). Calculate the greatest common divisor of v and m.
14
Let a be ((-2)/4)/((-21)/294). What is the highest common factor of a and 63?
7
Let f(h) = 192*h**2. Let i be f(1). Let l = -120 + 144. Calculate the highest common factor of i and l.
24
Let y be (-1068)/((21/2)/(-7)). What is the greatest common divisor of 8 and y?
8
Let o = 6 - 0. Suppose o*n = 6 + 30. What is the highest common divisor of 48 and n?
6
Suppose -4*v + 5*v = -3*z + 20, -4*z = -4*v. Suppose -v*s = -58 - 52. What is the highest common divisor of 242 and s?
22
Suppose -5*s + 15 = 0, 99 = -18*r + 22*r + 5*s. Calculate the greatest common divisor of r and 7.
7
Let i be (0 - -4 - 0) + (-46)/(-2). Suppose -3*j + 29 = -4*u, -3*u - 2 - 22 = -3*j. Calculate the highest common factor of j and i.
3
Let r be (-30)/10 + -5 - -25. What is the greatest common factor of r and 85?
17
Suppose 0 = 6*t - 2*t - 528. Suppose 20*y = 16*y + t. What is the highest common factor of 11 and y?
11
Let i be (5 + 4 + 111)/((-3)/(-4)). What is the greatest common divisor of 30 and i?
10
Suppose 4*w + 48 = -3*n - 0*n, 5*w = 0. Let g be (-7)/((-140)/n)*-20. Suppose p = g + 26. What is the highest common divisor of p and 105?
21
Suppo